11
In base 8, what is 5 - 1740?
-1733
In base 8, what is -674 - -1?
-673
In base 11, what is -737 - -3?
-734
In base 7, what is 3 - 24?
-21
In base 15, what is 40 - 28?
17
In base 5, what is -14233 + -1?
-14234
In base 6, what is 2 + -55?
-53
In base 12, what is 8a8 + -2?
8a6
In base 14, what is 2 - 17?
-15
In base 3, what is -10 + 10110120?
10110110
In base 4, what is -10 + -3?
-13
In base 9, what is 4 - -550?
554
In base 8, what is -3427 - -10?
-3417
In base 14, what is -b + -241?
-24c
In base 14, what is -1 - 193?
-194
In base 16, what is -50b + -7?
-512
In base 6, what is -2135 - -20?
-2115
In base 11, what is -4 - -120?
117
In base 6, what is -4 - -53?
45
In base 9, what is 2 + 183?
185
In base 16, what is -1b + -17?
-32
In base 2, what is -110100011 - 101?
-110101000
In base 14, what is -1a - -d4?
b8
In base 8, what is 15 - -1217?
1234
In base 16, what is 35b - -5?
360
In base 16, what is -130 + 3?
-12d
In base 16, what is -f - -47?
38
In base 10, what is -15 + -6?
-21
In base 9, what is -631 + -4?
-635
In base 3, what is 12 + -1202?
-1120
In base 13, what is -8c5 - 3?
-8c8
In base 8, what is -444 + -5?
-451
In base 14, what is -1d6 + -12?
-208
In base 10, what is 6 + 316?
322
In base 16, what is -2 + -11?
-13
In base 2, what is -101 - 1001000111?
-1001001100
In base 6, what is -30 + -102?
-132
In base 12, what is 2a61 + 3?
2a64
In base 7, what is 3 - -1123?
1126
In base 8, what is 7 - 2?
5
In base 16, what is 64 - -2?
66
In base 12, what is -2588 - -2?
-2586
In base 13, what is -9 - 821?
-82a
In base 15, what is 1 - -39?
3a
In base 16, what is a8 + -2?
a6
In base 12, what is 3 - 68?
-65
In base 6, what is -30 + -5?
-35
In base 13, what is -497a - 5?
-4982
In base 5, what is 311 + -4?
302
In base 12, what is -35 + 90?
57
In base 13, what is -353 + -17?
-36a
In base 10, what is -26 + 2?
-24
In base 11, what is 46 + -14?
32
In base 11, what is 4 - 59?
-55
In base 15, what is 17 - 54?
-3c
In base 16, what is 17 - 2b?
-14
In base 15, what is -4 + -262?
-266
In base 12, what is -3 - -b62?
b5b
In base 13, what is 1 - -c6?
c7
In base 4, what is 31 - 131?
-100
In base 4, what is -1123 + -122?
-1311
In base 3, what is -11 + 1010?
222
In base 2, what is -1100 + 101?
-111
In base 6, what is 11 - 253?
-242
In base 16, what is 1 + -23?
-22
In base 12, what is -4 - -15a6?
15a2
In base 7, what is 16 + -1325?
-1306
In base 5, what is -33 + -133?
-221
In base 9, what is -21 - 215?
-236
In base 14, what is 2 + 488?
48a
In base 3, what is 21211 - -12?
22000
In base 10, what is -28 - 4?
-32
In base 16, what is -b0c + -3?
-b0f
In base 15, what is 2 + 1ea?
1ec
In base 16, what is b - -10?
1b
In base 9, what is -752 + 1?
-751
In base 8, what is 100 + -2?
76
In base 9, what is -2085 - 11?
-2106
In base 11, what is 5265 - 2?
5263
In base 10, what is -1 + 463?
462
In base 9, what is -17 - -16?
-1
In base 11, what is -143 - -22?
-121
In base 12, what is -255 - 1?
-256
In base 13, what is 12 - 16?
-4
In base 14, what is -1b6 - -10?
-1a6
In base 14, what is -5 - -c?
7
In base 3, what is 12 + 11122101?
11122120
In base 7, what is 253 + 1?
254
In base 12, what is 55 + -1?
54
In base 10, what is -1 + -259?
-260
In base 3, what is -10012 + 22?
-2220
In base 15, what is 27a - d?
26c
In base 15, what is 2 + 463?
465
In base 4, what is -11032 - 2?
-11100
In base 2, what is 100 + 1001010100?
1001011000
In base 8, what is 37244 + -1?
37243
In base 11, what is -736 - 3?
-739
In base 7, what is -66 - 220?
-316
In base 5, what is -2 + 2023?
2021
In base 15, what is 26c - -2?
26e
In base 8, what is 11 + -4?
5
In base 16, what is 8f - 2?
8d
In base 15, what is 38b - -2?
38d
In base 13, what is 0 + 824?
824
In base 13, what is 1 + -75?
-74
In base 4, what is -3 - 223?
-232
In base 13, what is -3bc - 4?
-3c3
In base 16, what is -9 - 8?
-11
In base 7, what is 25 - -11?
36
In base 9, what is 5 - 55?
-50
In base 12, what is -637 + 2?
-635
In base 7, what is -151 + 3?
-145
In base 12, what is 2 - -81?
83
In base 10, what is 31 - 62?
-31
In base 2, what is -10 + -1011111?
-1100001
In base 4, what is -22 - -13?
-3
In base 14, what is -22 + 4b?
29
In base 14, what is -20 + 2c7?
2a7
In base 2, what is 1101 + 100100110?
100110011
In base 16, what is -3 - 17f?
-182
In base 4, what is 10 + 2300?
2310
In base 16, what is -8 + -2?
-a
In base 5, what is 20324 + -3?
20321
In base 9, what is -4174 - 0?
-4174
In base 4, what is 132 + 232?
1030
In base 5, what is -4 + -13031?
-13040
In base 10, what is -5 - 48?
-53
In base 12, what is -2 + -1?
-3
In base 10, what is 5 + -381?
-376
In base 13, what is 6 + -1?
5
In base 4, what is -1333 + -1?
-2000
In base 15, what is -5 + 311?
30b
In base 16, what is -1c - -3?
-19
In base 3, what is 202 - -2120?
10022
In base 3, what is 1 + -2111?
-2110
In base 12, what is 16 - -13?
29
In base 11, what is 4 + -858?
-854
In base 9, what is 4 - -2455?
2460
In base 8, what is -4573 - -2?
-4571
In base 2, what is -1011 - 0?
-1011
In base 16, what is 1 - 25?
-24
In base 6, what is 35 + 5?
44
In base 9, what is -164 - -4?
-160
In base 16, what is 15 + e?
23
In base 11, what is -3 - -43?
40
In base 15, what is 5 - -49?
4e
In base 15, what is -2 - 660?
-662
In base 12, what is -5 - -43a?
435
In base 15, what is 8a + -5?
85
In base 14, what is 2 + -7b?
-79
In base 2, what is 101110 - -1?
101111
In base 6, what is 24423 - 3?
24420
In base 4, what is 11 + 100201?
100212
In base 10, what is -1980 - -5?
-1975
In base 8, what is 5 + 134?
141
In base 10, what is -3 - 36?
-39
In base 12, what is -aa - 0?
-aa
In base 4, what is 121 - 3?
112
In base 7, what is 15 - 6?
6
In base 11, what is 10a + 0?
10a
In base 12, what is -99 + -17?
-b4
In base 12, what is -a + -14?
-22
In base 4, what is -110 + -2130?
-2300
In base 6, what is -143014 + -4?
-143022
In base 14, what is 70 + 1?
71
In base 12, what is 3 - -25?
28
In base 12, what is -3 + 1?
-2
In base 3, what is -20 - -221?
201
In base 13, what is -4c - -1b?
-31
In base 13, what is -520 - -3?
-51a
In base 14, what is -9b2 + 4?
-9ac
In base 11, what is 6a1 - -1?
6a2
In base 13, what is -9 + 8?
-1
In base 8, what is -5 + -17747?
-17754
In base 4, what is 1 - -130?
131
In base 13, what is 3b + 46?
84
In base 5, what is 110 + -43?
12
In base 5, what is -22434 - 2?
-22441
In base 7, what is 2 - 34?
-32
In base 14, what is -d + -599?
-5a8
In base 11, what is -8 - -5?
-3
In base 12, what is 13 + -6?
9
In base 9, what is -33 + 0?
-33
In base 14, what is 17 + -8?
d
In base 6, what is 2 - -344?
350
In base 15, what is d + 6?
14
In base 12, what is -a + -456?
-464
In base 12, what is 501a - -5?
5023
In base 13, what is -93 + 4?
-8c
In base 5, what is -4342 + -1?
-4343
In base 13, what is -5 + 22?
1a
In base 4, what is -2000 + -10?
-2010
In base 10, what is 2 + 957?
959
In base 8, what is -5 - 63?
-70
In base 10, what is 5 + -12?
-7
In base 7, what is -16 + -1532?
-1551
In base 4, what is -10 + 1032230?
1032220
In base 11, what is 1 + 52?
53
In base 14, what is -2 - -20?
1c
In base 6, what is -11123 + -1?
-11124
In base 11, what is -31 + -10?
-41
In base 5, what is -111242 - -2?
-111240
In base 7, what is 11 + 1535?
1546
In base 16, what is 275 - b?
26a
In base 7, what is 362 - -25?
420
In base 7, what is 2 + 153?
155
In base 16, what is 4 + 9ea?
9ee
In base 11, what is -249 + -4?
-252
In base 5, what is 310112 + 4?
310121
In base 2, what is -11 + -11100001001?
-11100001100
In base 13, what is 2 - -73?
75
In base 11, what is -31 + 8?
-24
In base 16, what is -5 - -12c?
127
In base 3, what is -212021 + -21?
-212112
In base 9, what is 138 - 76?
52
In base 13, what is 4 + -45?
-41
In base 6, what is 454 + -325?
125
In base 4, what is 20 + 33121?
33201
In base 16, what is -3 + 7?
4
In base 16, what is -18c + 1?
-18b
In base 3, what is -2 + -11000012?
-11000021
In base 7, what is 1 - 15401?
-15400
In base 9, what is 516 + 26?
543
In base 12, what is 0 + -8b2?
-8b2
In base 8, what is -3 - 6?
-11
In base 15, what is 4 - -a4?
a8
In base 2, what is -1011101 - 11?
-1100000
In base 6, what is -5 - 402?
-411
In base 4, what is -11 - -132?
121
In base 10, what is -3 + 565?
562
In base 13, what is 2 - b4?
-b2
In base 14, what is -9 - 32?
-3b
In base 4, what is 1 - 133221?
-133220
In base 16, what is -2 + 14b2?
14b0
In base 12, what is a5 + -5?
a0
In base 4, w